igit of 428709?
2
What is the ten thousands digit of 159440?
5
What is the hundred thousands digit of 4698717?
6
What is the millions digit of 8467203?
8
What is the units digit of 5782381?
1
What is the hundred thousands digit of 16252429?
2
What is the hundreds digit of 599541?
5
What is the thousands digit of 776283?
6
What is the hundred thousands digit of 17829920?
8
What is the ten thousands digit of 6590381?
9
What is the ten thousands digit of 113658?
1
What is the tens digit of 9797000?
0
What is the hundreds digit of 3221653?
6
What is the thousands digit of 464989?
4
What is the thousands digit of 44117?
4
What is the hundred thousands digit of 173270?
1
What is the ten thousands digit of 94629?
9
What is the tens digit of 185716?
1
What is the hundreds digit of 965830?
8
What is the hundreds digit of 366622?
6
What is the units digit of 186270?
0
What is the millions digit of 4634214?
4
What is the ten millions digit of 10431386?
1
What is the units digit of 9803172?
2
What is the hundreds digit of 525175?
1
What is the thousands digit of 128189?
8
What is the hundreds digit of 681491?
4
What is the thousands digit of 70336?
0
What is the hundreds digit of 203499?
4
What is the millions digit of 12156825?
2
What is the thousands digit of 425939?
5
What is the hundred thousands digit of 2845118?
8
What is the thousands digit of 5400778?
0
What is the hundreds digit of 3323673?
6
What is the units digit of 440200?
0
What is the thousands digit of 7123228?
3
What is the ten thousands digit of 81193?
8
What is the hundreds digit of 411?
4
What is the ten thousands digit of 17914989?
1
What is the thousands digit of 196101?
6
What is the units digit of 1187138?
8
What is the ten thousands digit of 88969?
8
What is the units digit of 2417263?
3
What is the ten thousands digit of 8512601?
1
What is the tens digit of 702286?
8
What is the thousands digit of 166226?
6
What is the hundreds digit of 4154646?
6
What is the hundreds digit of 56381?
3
What is the units digit of 1127140?
0
What is the ten thousands digit of 21057?
2
What is the hundreds digit of 3295815?
8
What is the hundreds digit of 157365?
3
What is the thousands digit of 3914553?
4
What is the thousands digit of 291333?
1
What is the hundreds digit of 281547?
5
What is the units digit of 136984?
4
What is the units digit of 701749?
9
What is the thousands digit of 388115?
8
What is the ten thousands digit of 4958257?
5
What is the ten thousands digit of 657585?
5
What is the ten thousands digit of 184060?
8
What is the thousands digit of 477340?
7
What is the tens digit of 6805345?
4
What is the thousands digit of 1956253?
6
What is the ten thousands digit of 5390144?
9
What is the hundreds digit of 84937?
9
What is the hundred thousands digit of 1469226?
4
What is the hundreds digit of 749684?
6
What is the units digit of 192399?
9
What is the thousands digit of 22554713?
4
What is the units digit of 226347?
7
What is the millions digit of 10779853?
0
What is the tens digit of 9787935?
3
What is the units digit of 4347485?
5
What is the millions digit of 9923371?
9
What is the units digit of 257630?
0
What is the tens digit of 213988?
8
What is the thousands digit of 2191891?
1
What is the ten thousands digit of 222949?
2
What is the tens digit of 2231196?
9
What is the ten thousands digit of 3069457?
6
What is the hundred thousands digit of 26834023?
8
What is the hundred thousands digit of 872723?
8
What is the hundreds digit of 18511961?
9
What is the millions digit of 1020217?
1
What is the ten thousands digit of 51015?
5
What is the millions digit of 30900438?
0
What is the hundreds digit of 5263400?
4
What is the hundred thousands digit of 5862455?
8
What is the ten thousands digit of 30219349?
1
What is the units digit of 739190?
0
What is the hundreds digit of 5817803?
8
What is the ten millions digit of 18646596?
1
What is the hundred thousands digit of 1630348?
6
What is the hundreds digit of 450388?
3
What is the tens digit of 932108?
0
What is the hundreds digit of 339702?
7
What is the units digit of 4867747?
7
What is the hundreds digit of 567127?
1
What is the tens digit of 257067?
6
What is the tens digit of 1161673?
7
What is the hundreds digit of 8449414?
4
What is the hundreds digit of 316909?
9
What is the ten thousands digit of 1797629?
9
What is the tens digit of 16796970?
7
What is the thousands digit of 421698?
1
What is the units digit of 2383563?
3
What is the ten thousands digit of 1677768?
7
What is the tens digit of 3572386?
8
What is the units digit of 329743?
3
What is the units digit of 5417333?
3
What is the hundreds digit of 68360?
3
What is the millions digit of 11403431?
1
What is the hundreds digit of 9052?
0
What is the tens digit of 932123?
2
What is the thousands digit of 43382?
3
What is the millions digit of 1488315?
1
What is the ten thousands digit of 221008?
2
What is the thousands digit of 4686443?
6
What is the units digit of 213619?
9
What is the units digit of 1197900?
0
What is the ten thousands digit of 7971075?
7
What is the hundred thousands digit of 1599172?
5
What is the tens digit of 724415?
1
What is the ten thousands digit of 195091?
9
What is the hundred thousands digit of 924824?
9
What is the ten thousands digit of 227435?
2
What is the ten thousands digit of 5353486?
5
What is the hundred thousands digit of 1179250?
1
What is the units digit of 79013?
3
What is the units digit of 1596911?
1
What is the hundreds digit of 790218?
2
What is the thousands digit of 225096?
5
What is the ten thousands digit of 338862?
3
What is the ten thousands digit of 7612678?
1
What is the hundreds digit of 87057?
0
What is the tens digit of 366941?
4
What is the ten thousands digit of 309016?
0
What is the thousands digit of 196220?
6
What is the tens digit of 711935?
3
What is the hundreds digit of 5495645?
6
What is the tens digit of 525758?
5
What is the tens digit of 582977?
7
What is the ten thousands digit of 233397?
3
What is the hundred thousands digit of 3407536?
4
What is the thousands digit of 10221937?
1
What is the tens digit of 172173?
7
What is the hundred thousands digit of 24616082?
6
What is the hundreds digit of 9392855?
8
What is the millions digit of 8972143?
8
What is the thousands digit of 366795?
6
What is the tens digit of 494530?
3
What is the ten thousands digit of 15795?
1
What is the ten millions digit of 14488643?
1
What is the hundred thousands digit of 328291?
3
What is the ten thousands digit of 15431808?
3
What is the millions digit of 11264554?
1
What is the tens digit of 1714104?
0
What is the ten millions digit of 10127269?
1
What is the hundred thousands digit of 828044?
8
What is the thousands digit of 2699296?
9
What is the hundred thousands digit of 7772048?
7
What is the millions digit of 1093232?
1
What is the ten thousands digit of 4104562?
0
What is the millions digit of 5414732?
5
What is the hundreds digit of 8144240?
2
What is the tens digit of 1515020?
2
What is the thousands digit of 12920490?
0
What is the hundred thousands digit of 10071468?
0
What is the thousands digit of 17330009?
0
What is the ten thousands digit of 20357984?
5
What is the thousands digit of 12128432?
8
What is the tens digit of 17679124?
2
What is the hundreds digit of 1135158?
1
What is the hundred thousands digit of 5894028?
8
What is the tens digit of 30908488?
8
What is the tens digit of 17241028?
2
What is the millions digit of 10249813?
0
What is the tens digit of 343395?
9
What is the tens digit of 1523307?
0
What is the millions digit of 6534390?
6
What is the units digit of 715540?
0
What is the thousands digit of 1916874?
6
What is the ten thousands digit of 2040008?
4
What is the ten thousands digit of 8093091?
9
What is the hundreds digit of 9499908?
9
What is the units digit of 2641101?
1
What is the thousands digit of 5372299?
2
What is the ten thousands digit of 14388604?
8
What is the hundreds digit of 528878?
8
What is the units digit of 1947689?
9
What is the millions digit of 8049510?
8
What is the thousands digit of 9356393?
6
What is the thousands digit of 584567?
4
What is the hundred thousands digit of 7197275?
1
What is the tens digit of 8947328?
2
What is the units digit of 1634